).
-3
Let m(w) = -3*w - 51. Suppose -5*q - 32 = -7*q + 6*q. Give m(q).
-27
Let q(a) = 23*a**2 + 3*a + 3. Let t be q(0). Let v(n) be the first derivative of 0*n**t - 1/4*n**4 + 1/2*n**2 - 3*n + 38. What is v(0)?
-3
Let w be 7*(2 + -3) - (23 + -34). Let r(f) = -10*f + 15. Determine r(w).
-25
Let g(t) be the third derivative of t**5/60 + t**4/24 - t**3/3 - 299*t**2. Let v be (-5)/(-3 + (-21)/(-6)). Let s = v + 12. Determine g(s).
4
Suppose 0 = -23*v + 365 - 181. Let a(w) = 3*w + 5. Determine a(v).
29
Let k = -2162 - -2176. Let i(r) = r**3 - 12*r**2 - 29*r - 8. Give i(k).
-22
Suppose 3 = 3*k + 3*l + 12, -k - 3*l = -3. Let p(n) be the first derivative of n**4/4 + 7*n**3/3 + 3*n**2/2 - 4*n + 524. Determine p(k).
14
Let o(p) = -13*p + 42. Let n(g) = 25*g - 81. Let s(f) = 6*n(f) + 11*o(f). Calculate s(8).
32
Let t(m) = 11 + 2*m**3 + 32277679*m - 32277679*m - 76*m**2. Calculate t(38).
11
Let o(w) be the third derivative of 0*w - 1/8*w**4 - 5/3*w**3 + 13 - 2*w**2. Calculate o(-6).
8
Let j(t) = 3*t**2 - 15*t - 6. Let p(b) = b**2 - 5*b - 3. Let d(u) = 4*j(u) - 11*p(u). Give d(4).
5
Let f(d) = -3*d**2 - 2*d + 7. Let x be ((-4)/44)/((-1)/(-2))*-11. Let s be f(x). Let a(k) = -k**3 - 9*k**2 - 2*k. Give a(s).
18
Let v be 36/(-135) + 63/105. Let w(d) be the second derivative of -5/2*d**2 + 0 - v*d**3 - 27*d. Calculate w(4).
-13
Let k(q) = -3*q + 38. Suppose -98*t + 834 = -355 + 13. Calculate k(t).
2
Let m(t) = t**2 - 6*t - 2. Let x(r) = -4*r + 21. Let u(o) = 3*o + 130 - 126 + 2*o. Let n be u(0). Let d be x(n). Calculate m(d).
-7
Let r(o) = -4*o**2 - 8*o - 1. Let i(d) = -d**2 - d + 1. Let z(a) = 6*i(a) - r(a). Let v be 6*18/(-144)*4. Determine z(v).
-17
Let h(v) = 9*v**3 - 13*v**2 - 8*v. Let t(y) = -49*y**3 + 67*y**2 + 39*y + 1. Let s(j) = -22*h(j) - 4*t(j). Determine s(10).
-4
Let u(m) = m**2 - 1. Let q be u(2). Suppose -q*k + 21 = -0*k. Suppose -6*t - 1 = -k. Let a(g) = -7*g**3 + g. Determine a(t).
-6
Let u(y) = -2*y. Let i(v) = -v - 1. Let n(r) = 3*i(r) - 2*u(r). Suppose 0 = -5*t - 3*s + 150, 2*t + 8*s - 3*s - 79 = 0. Let f = 32 - t. Calculate n(f).
2
Let r(g) be the first derivative of -g**2/2 + 6*g + 22. Suppose -z + 4*c = 6, 6*z = 4*z - 5*c + 40. Give r(z).
-4
Let o be (-5)/((12/(-30) + (-9)/(-10))*-2). Let x(g) = 8*g + 7. Calculate x(o).
47
Let g(o) = 7*o**2 + 10*o - 36. Let k = 21723 + -21720. Give g(k).
57
Let q(i) = i**2 + 2*i + 6. Let f = 3131 + -3136. Calculate q(f).
21
Let p(h) = -2*h**3 + 3*h**2 + 12*h - 22. Suppose 13 = -2*t + 5*u - 2*u, -15 = 5*t - 5*u. Determine p(t).
-54
Let q(b) = b**3 + 5*b**2 + 2*b + 2. Suppose -17*w = -13*w + 64. Let k be 40/w*6/5. What is q(k)?
14
Let c(j) be the first derivative of 3/2*j**2 - 27*j + 8. Let o be c(11). Let z(v) = -v**3 + 6*v**2 + v. Give z(o).
6
Let r(t) = t**2 - 6*t + 7. Let y be r(6). Let m(x) = 118*x + 104*x - 223*x + 37 - 28. Calculate m(y).
2
Let c(n) = -5*n - 4. Let a = 184 - 121. Let b = a + -64. Let s(z) = -2*z**2 + 4*z + 3. Let l be s(b). Give c(l).
11
Suppose 452 = 4*y - 3*o, -5*o + 339 = -y + 4*y. Let u = 106 - y. Let r(z) = z**3 + 8*z**2 + 8*z - 1. Give r(u).
-8
Let f(r) = -r - 3. Suppose -x + 887 = 882. Suppose -2*g + 2*m = 6, g - 2 = x*g + m. Determine f(g).
-2
Let c(u) = u**3 + 11*u**2 - u - 10. Let n(t) = -t**3 - 16*t**2 - 14*t + 15. Let k be n(-15). Suppose k = 2*h + 47 - 25. Determine c(h).
1
Let i(q) = -q**3 + 5*q**2 + 2*q - 6. Let m(d) = 9*d**2 - 16*d - 1. Let n be m(4). Let b = -75 + n. Determine i(b).
18
Let s(t) = -139*t - 50. Let r(n) = -46*n - 18. Let h(b) = -11*r(b) + 4*s(b). What is h(1)?
-52
Let q(s) = -10*s + 51. Let m = 19739 - 19734. Give q(m).
1
Let f(q) be the third derivative of -14*q**2 + 1/6*q**3 + 1/120*q**6 - 1/12*q**4 + 0 + 1/30*q**5 + 0*q. Determine f(2).
13
Let z(s) = -s**2 - 7*s + 3. Let d(k) = -18*k + 5. Let a(r) = -r**2 + 90*r - 24. Let g(x) = -2*a(x) - 11*d(x). Let i = -88 - -79. Let t be g(i). Give z(t).
3
Let k(g) = -g**3 - 2*g**2 + g - 3. Let m be k(-3). Let v = -8 + m. Let f(q) be the first derivative of q**4/4 + 2*q**3 + 5*q**2/2 + 4*q + 6706. Calculate f(v).
4
Let j = 496 - 483. Suppose 25 = -5*k + 3*q, 10*q - j*q + 21 = -3*k. Let t(b) = -2*b**3 + b**2 - 3*b - 3. Determine t(k).
23
Let i(u) = -u**3 - 21*u**2 + 20*u - 42. Let z = -382 + 360. Let s be i(z). Let n(f) = -f. Let b(m) = 3*m + 1. Let r(w) = b(w) - 2*n(w). What is r(s)?
11
Let o(t) = -14*t**2 + t + 2. Suppose c + 29 = 2*x, -5*x + 4*c = -0*c - 71. Suppose -11*m + 4 = x. Give o(m).
-13
Let w(u) = -1475*u - 1477*u + 4*u**2 + 76*u**3 + 2951*u - 77*u**3. Let g(l) = -l**2 + 8*l - 9. Let i be g(6). Determine w(i).
6
Let n(z) be the third derivative of -z**6/120 + 19*z**5/60 - 89*z**4/24 + 35*z**3/6 + 5943*z**2. Calculate n(7).
0
Let p(u) = -2*u**3 + 3*u - 1. Suppose -5999 = 27*t + 1237. Let o = t - -270. Give p(o).
-11
Let z(t) = -5*t - 3. Let l = 4459 + -4458. Give z(l).
-8
Let i(s) = -14*s + 106. Suppose 63 = 10*q - 0*q - 17. Calculate i(q).
-6
Suppose 2*j - 13*j + 44 = 0. Let f(s) = 22 - 8 + 3*s - j*s**2 - 8 - s - 5. What is f(-3)?
-41
Let h(d) = -15*d + 986. Let q be h(66). Let t(k) = k**3 + 3*k**2 - 5*k + 3. What is t(q)?
7
Let o(q) = 82*q**3 - 4*q**2 - q**2 - 81*q**3 + 3*q**2 + 6*q**2. Give o(-2).
8
Let t(h) = h**3 - 8*h**2 - 64*h - 10. Let z be t(13). Let p(x) be the second derivative of x**4/6 - x**3/3 - 3*x**2/2 - 25*x. Give p(z).
9
Let t(o) = -o**3 + 2*o**2 + o + 3. Let a be t(3). Let w(l) = 4 + 3 + 23 + l - 34. Determine w(a).
-7
Let y be (21 + 6)*((-56)/24)/7. Let t(w) be the first derivative of -w**3/3 - 5*w**2 + 4*w - 7. Calculate t(y).
13
Let s(l) = -l**2 - 6*l. Suppose -525 = 31*w - 36*w - 4*i, 0 = 4*w + i - 420. Let m be (-1)/(-1*(-5)/w*3). Calculate s(m).
-7
Let b(r) = -r**3 - 17*r**2 - 29*r + 11. Let y be (-2)/(-25) - (-11310)/(-750) - 0. What is b(y)?
-4
Let t(a) = 29*a - 271. Let h be ((-144)/(-208))/(2/26). Determine t(h).
-10
Let p be ((-8)/(-12))/(8/(-36)). Let q(z) = z - 1. Let x(t) = t - 1. Suppose 4*c + 5*n + 1 = 0, 3*n = -0*c - c + 5. Let d(r) = c*x(r) + 3*q(r). Calculate d(p).
4
Let g be -1 + (3 - 0) - 2. Let h(w) = 7*w + g*w + 1 - 3*w. Suppose -4*n - 12*q = 16, -20 = 5*n - 4*q + 6*q. Calculate h(n).
-15
Let x(o) = -17*o**3 + 26*o**2 - 3*o + 5. Let p(k) = -48*k**3 + 77*k**2 - 12*k + 14. Let l(v) = -6*p(v) + 17*x(v). Give l(-21).
1
Let g(s) be the third derivative of -s**5/60 + s**4/12 + s**3 - 17*s**2 + 2*s + 7. What is g(6)?
-18
Let m(d) = -9*d - 220. Suppose 52*l + 272 + 776 = -304. Determine m(l).
14
Let q(c) = c - 3. Let k be q(2). Let s be 8/(-2)*(-1 + k). Suppose 16 = -2*y + 3*m, 3*m - s*m = -y - 8. Let t(n) = n**2 + 9*n - 10. Determine t(y).
-18
Let s(h) = -h**3 + 3*h**2 + 11*h - 9. Suppose 937 = 20*v + 857. What is s(v)?
19
Suppose 3*q - 40 = 2*k, 0 = 3*q - 6*q - 3*k + 15. Let c(d) = 1 + q*d**3 - 11*d**3 + 3*d**2 + 0. What is c(4)?
-15
Let d(o) = 2*o**3 + 10*o**2 - 26*o - 90. Let b be d(-6). Let f(r) = -9*r + 20. Determine f(b).
74
Let b(u) be the first derivative of -u**4/6 + 2*u**3/3 - u**2 + 111*u + 30. Let w(r) be the first derivative of b(r). What is w(3)?
-8
Let j = 2 - -5. Let q(r) = 328*r + 2. Let g(n) = -131*n - 1. Let h(f) = -5*g(f) - 2*q(f). Give h(j).
-6
Let z(u) = -24*u**3 - 18*u**3 + 2*u**3 + u - 4*u**3 - 11*u**3. Calculate z(-1).
54
Suppose -7 - 1 = -d. Let y(q) be the second derivative of q**5/20 - 3*q**4/4 + 3*q**3/2 - 3*q**2/2 + 21*q - 5. Calculate y(d).
5
Let o be (0 - (-1)/(1 - 2)) + -2. Let l(x) = x**3 - 3*x**2 + 2*x + 4. Let b(q) = -q**3 + 4*q**2 - q - 2. Let m(f) = o*b(f) - 2*l(f). What is m(6)?
-8
Let h(l) = -6 - 19*l - 16*l + 45*l - 18*l + 2. Give h(-4).
28
Let z(j) be the third derivative of -5*j**4/24 + j**2 - 2736*j. Calculate z(7).
-35
Let d(o) = 3*o**3 + 7*o**2 - 7*o - 2. Let j(m) = -2*m**3 - 8*m**2 + 7*m + 2. Let a(q) = 3*d(q) + 4*j(q). Let v be 4 - (-6 + 0/(-6)). Calculate a(v).
-28
Let y(f) be the second derivative of f**4/3 - f**3/2 - 4*f**2 + 34*f - 4. What is y(-2)?
14
Let i(c) be the first derivative of 22 - 5*c**2 - 12*c + 1/4*c**4 + 7/3*c**3. Determine i(-8).
4
Let n(a) = -13*a + 4*a + 46*a**2 + 4*a - 23*a**2 + 7 - 22*a**2. Give n(3).
1
Let n(q) = 3*q**2 + 4*q + 22. Let w(y) = -13*y**2 - 17*y - 93. Let l(c) = 9*n(c) + 2*w(c). Give l(-4).
20
Let y(g) = 2*g + 79. Let d(f) = -3*f - 124. Let o(c) = 9*d(c) + 15*y(c). Give o(-24).